9*o**3/3 + 15*o**2 + 29*o - 8. List the prime factors of i(t).
5, 17
Suppose -7*t + 118 = -1030. Let w = t - 103. Suppose -17*n + 1132 = w. What are the prime factors of n?
3, 7
Suppose -3*d = -2*d + 90. Let v = -69 - d. List the prime factors of v.
3, 7
Suppose 0*a = -a - 4. Let m be 10/a*30/3. Let o = 27 + m. What are the prime factors of o?
2
Let h(u) be the first derivative of 49*u**3 - u**2/2 + u - 41. List the prime factors of h(1).
3, 7
Let n(q) be the second derivative of -129*q**3/2 + q**2/2 + 2*q. Let o be n(-1). What are the prime factors of -2 - (-1 - o/2)?
193
Let k = 386 - 370. Suppose 13*h - k*h = -2583. What are the prime factors of h?
3, 7, 41
Suppose 2*j = -10 + 12, -5*g + 30768 = -2*j. List the prime factors of g.
2, 17, 181
Suppose r = -2*c + 6407, -98*r = c - 101*r - 3193. List the prime factors of c.
2, 1601
Let l = 3033 + -1756. Let r = -662 + l. List the prime factors of r.
3, 5, 41
Let f(a) = -3*a - 1 + 117*a**2 - 3 + 0. Let i be (-2 + 16/12)/(2/3). List the prime factors of f(i).
2, 29
Let o be (-4 + 2)/2 - (-26)/(-13). Let k = o + 8. Suppose 0 = -k*d + j + 640, 2*d + 0*j - j = 253. What are the prime factors of d?
3, 43
Let d(l) = l**2 - 17*l + 65. Let c be d(6). What are the prime factors of c + -2*4455/(-10)?
2, 5, 89
Suppose 31*y + 4683908 = 149*y - 368616. What are the prime factors of y?
2, 79, 271
Suppose 17*u + 927990 = 59*u. What are the prime factors of u?
3, 5, 491
Let f = 13721 + -9163. What are the prime factors of f?
2, 43, 53
Suppose 76*j + 54*j - 21692027 = -297*j. What are the prime factors of j?
37, 1373
Suppose -4*n + a - 4 = 4*a, -n = -2*a - 10. What are the prime factors of (-1675)/(-10) - 0 - (-3)/n?
13
Suppose 0 = 5*m - 4*q - 42598, 5992 = m - 4*q - 2534. List the prime factors of m.
2, 4259
Suppose -434*a = -329*a - 91245. What are the prime factors of a?
11, 79
Let o(q) = 17*q**2 - 4*q + 6. Let f(t) = -50*t**2 + 11*t - 17. Let i(n) = -6*f(n) - 17*o(n). Let w be i(-2). Let r = w - 30. List the prime factors of r.
2, 5
Let h(b) = -355*b. Let s(o) = -118*o. Let t(k) = 3*h(k) - 8*s(k). Let l be t(-1). Let y = 291 - l. What are the prime factors of y?
2, 5, 17
Suppose -3*q + 18 = 4*o - q, -10 = -3*o + 2*q. Suppose g - 3 = 3*s, g - s = o*s + 5. Suppose r + 3*y - 32 = 0, -4*y = -g*y. List the prime factors of r.
2
Suppose 8*n - 13*n + 25 = 0. Suppose n*k - 22 = 53. Suppose -k*b + 170 = -10*b. List the prime factors of b.
2, 17
Let z be -44 + 4/(-16)*-8. Suppose -r - 4*i = -2, 2 = 2*i - 0. List the prime factors of (-540)/z + r - (-1)/7.
11
Suppose -7163 = -3*t - g, -4782 = -2*t - 49*g + 47*g. What are the prime factors of t?
2, 1193
Let j = 36 + -33. Let v(u) = -7 + 6*u**2 + 2*u + 5*u**3 + 4 - j*u**3 - u**3. List the prime factors of v(-5).
2, 3
Suppose 2*m = 12 - 6. Suppose 0 = m*y - 4*c - 23, 10*y - 2*c = 5*y + 15. What are the prime factors of 0 + y + -2 + 14?
13
Suppose i = 4*l - 3*l - 292, 872 = 3*l - 2*i. List the prime factors of (l/(-20))/(4/(-10)).
2, 3
Suppose n + 12 = 4*n. Suppose 0 = 5*x - 25, n*u = -2*x - 245 - 97. Let h = -35 - u. What are the prime factors of h?
53
Let g(u) = -4*u**3 - 66*u**2 + 290*u + 105. List the prime factors of g(-32).
7, 7759
Let t(p) = -962*p - 4717. What are the prime factors of t(-40)?
19, 1777
Let f be (-95)/(-19) - (-6)/(-2). Suppose -5*c = 2*p - 3368, f*c - 5*c - 3*p + 2019 = 0. List the prime factors of c.
2, 337
Suppose 2*y - y = -4*y. Suppose -5*n + 3*n + k = -914, y = n + 3*k - 464. What are the prime factors of n?
2, 229
Let y be 1*1/3*-3. Let o(z) be the second derivative of z**4/4 + z**3/6 - 154*z + 2. What are the prime factors of o(y)?
2
Suppose 441584 = -121*v + 209*v. List the prime factors of v.
2, 13, 193
Let n(f) = f**3 + 15*f**2 - f - 12. Let m be n(-15). Suppose 0 = -3*g - 2*y + 26, 0 = m*g - 8*g - y + 34. List the prime factors of g.
2, 3
Let m be 57/9 - (-3)/(-9). Suppose -m*a + 4 = -20. Suppose -2*w + 5*w = -3*u + 246, a*w = -u + 331. List the prime factors of w.
83
What are the prime factors of 3896 + -42 - (-5)/1*-1?
3, 1283
Suppose -12*m + 7*m + 10 = 2*j, 4*m - 5 = -j. Suppose m = 8*b - 7*b - 1038. List the prime factors of b.
2, 3, 173
Let q(f) = 11*f**2 - 9*f + 127. What are the prime factors of q(-24)?
6679
List the prime factors of -12552*(4/(-8))/((-21)/(-42)).
2, 3, 523
Let l be (8/5)/(4/10). Suppose -4*i + 8 = 11*j - 7*j, 2*i - l = 4*j. Suppose j*h = -h + 32. What are the prime factors of h?
2
Suppose -4*q + 121459 = 3*i, 3*i = q + 148518 - 27019. List the prime factors of i.
3, 13499
List the prime factors of (2/(-3) + -1)*6372942/(-190).
55903
Let y = -27 + 228. What are the prime factors of (-10)/35 - (-65)/35*y?
373
Let k(s) = 316*s**2 - 135*s - 890. List the prime factors of k(-7).
41, 379
Let v = -102 + 182. Let h = v + -28. What are the prime factors of h?
2, 13
What are the prime factors of 627/7 - (13 + 609/(-49))?
89
Let k(t) = 29*t**3 - 286*t**2 - 42*t - 9. List the prime factors of k(12).
3, 5, 11, 17
Suppose -234 = 45*u - 58*u. List the prime factors of 16228/u - (-88)/198.
2, 11, 41
Let p = 69 + -59. Suppose -p*t + 32 = 12. What are the prime factors of (t/6)/(2/762)?
127
Suppose -2*f = -3*n + 60814, -99*n - 3*f + 60804 = -96*n. What are the prime factors of n?
2, 5, 2027
Let i be -1*5/(-10)*4. Suppose -5*x + 643 = -3*l, 3*l = -4*x - i*l + 544. Let u = x - 79. What are the prime factors of u?
2, 13
Suppose -8*w + 76 = 68. Suppose -4*b - 13 = 5*q, 2*b = 3*q + 1 - 2. List the prime factors of (b + 6)/(w/(-37)*-2).
2, 37
Suppose -2*z + 6853 = -3*l - 4321, 2*z + 4*l - 11188 = 0. What are the prime factors of z?
2, 5, 13, 43
Suppose 80*c = 83*c - 6. Suppose -l - 9 = -c*w - 3, l = -w + 3. Let g(v) = -v**2 + 4*v + 2. List the prime factors of g(l).
2
Let y = -37014 + 69172. What are the prime factors of y?
2, 7, 2297
Suppose 15*m - 3881 - 109 = 0. Suppose 4*u = -5*f + 1049, 13*u - 12*u = -5*f + m. What are the prime factors of u?
3, 29
Let g(c) = 30*c**2 - 59*c - 1338. What are the prime factors of g(-20)?
2, 31, 191
List the prime factors of 1/4 - (-1569672)/864.
23, 79
Let y(q) = 11*q**2 - 2*q + 1. Let h be ((-26)/(-156) - (-7)/(-6))*3. What are the prime factors of y(h)?
2, 53
Suppose 4*k = -k + 3*m + 28172, 2*k - m = 11270. List the prime factors of k.
2, 2819
Let p = -366 + 368. Suppose -j + 2*j + 363 = p*k, 4*k = -2*j + 730. What are the prime factors of k?
2, 7, 13
Let w(n) = 14*n**2 - 1077*n + 201. List the prime factors of w(103).
2, 11, 859
Let l(u) = -u**2 + 31*u - 39. Let x be l(25). Let r = 235 - x. What are the prime factors of r?
2, 31
Let g = 43 + 11. Let a be (-2 - g/(-5))/(22/3080). Suppose a = 12*r - 4*r. List the prime factors of r.
2, 7, 11
Suppose -813 = -o + 18*m - 17*m, 2*m - 3234 = -4*o. Suppose -2*a - 5*t + 389 = -a, 0 = -2*a - 2*t + o. What are the prime factors of a?
409
Suppose 3*t - t - 4*x = 218, -2*t - 4*x = -194. Suppose -4*b + 2*l = 172, -2*b + 4*l - 128 = -30. Let i = t + b. List the prime factors of i.
2, 31
Let x = -2100 + 7105. What are the prime factors of x?
5, 7, 11, 13
Let l be (0 - -2) + -1 + 8 + -23. Let o be l/21 + 2030/3. What are the prime factors of o/6 + -1 + 16/48?
2, 7
Let u(d) = 63*d**2 - 84*d + 634. List the prime factors of u(9).
17, 293
Let y(r) = 3*r**2 + 17*r + 13. Let v(x) = x**3 - 6*x**2 - 4*x - 14. Let d be v(7). Suppose i + d + 0 = 0. What are the prime factors of y(i)?
41
Let p(j) = j**3 + 10*j**2 + 6*j + 3. Let l be p(-7). Suppose -8 = 5*u - l. Suppose 4*f - u = 0, 78 + 37 = s - 2*f. List the prime factors of s.
5
Let q(w) = w**3 + 16*w**2 + w - 7. Let j(l) = 3 - 6 - 2 + 4. Let v(z) = -6*j(z) - q(z). What are the prime factors of v(-16)?
29
Let b = 103 + 23. Let z = 1108 - 1065. Let s = b - z. What are the prime factors of s?
83
Let k(b) = 35*b - 18. Let a be k(1). Suppose -2*x + 47 = -a. List the prime factors of x.
2
Let c be (-5 - -1)*2/(-4). Let s(d) be the second derivative of 22*d**3/3 + d**2/2 + 867*d. List the prime factors of s(c).
89
Let n be -7 - (2379/1 + 0). Let t = -1406 - n. List the prime factors of t.
2, 5, 7
Let h be ((-358)/(-6))/(4/60). Suppose 4*r + h = q, 980 = 3*q - 4*r - 1713. List the prime factors of q.
29, 31
Let f(t) = 4*t**2 - 48*t + 25. Let s be f(15). Suppose 200*m - s*m = -3945. What are the prime factors of m?
3, 263
Let 